{"id":11,"date":"2015-06-25T11:08:32","date_gmt":"2015-06-25T09:08:32","guid":{"rendered":"http:\/\/xn--frauenrztinnen-kpenick-54b65b.de\/new\/?page_id=11"},"modified":"2020-01-01T21:12:32","modified_gmt":"2020-01-01T20:12:32","slug":"schwangerenbetreuung","status":"publish","type":"page","link":"https:\/\/xn--frauenrztinnen-kpenick-54b65b.de\/new\/schwangerschaft\/schwangerenbetreuung\/","title":{"rendered":"Schwangerschaftsbetreuung"},"content":{"rendered":"<p>Bei einer normal verlaufenden Schwangerschaft werden entsprechend der Mutterschaftsrichtlinien folgende Untersuchungen angeboten und von den gesetzlichen Krankenkassen \u00fcbernommen:<br \/>\nRegelm\u00e4\u00dfige Vorsorgeuntersuchungen bei einer Frauen\u00e4rztin und\/oder einer Hebamme.<!--more--><\/p>\n<p><strong>Blutentnahmen und Laboruntersuchungen:<\/strong><br \/>\n\u2022 Bestimmung der Blutgruppe, des Rhesus-Faktors und Antik\u00f6rper<br \/>\n\u2022 Kontrolle von Urinproben und H\u00e4moglobin,<br \/>\n\u2022\u00a0Diagnostik von sexuell \u00fcbertragbaren Erkrankungen wie Chlamydien, Syphilis, Hepatits B<br \/>\nund mit Ihrem Einverst\u00e4ndnis auch HIV<br \/>\n\u2022\u00a0Test auf das Vorliegen von Schwangerschaftsdiabetes<\/p>\n<p><strong>Insgesamt drei Ultraschalluntersuchungen<\/strong> :<br \/>\n\u2022 9.-12. Schwangerschaftswoche:\u00a0\u00a0 Festlegung des Geburtstermins und Ausschluss von Auff\u00e4lligkeiten in der \u00a0\u00a0\u00a0Fr\u00fchschwangerschaft.<br \/>\n\u2022 19.-22. Schwangerschaftswoche: Basis-Ultraschall oder erweiterter Ultraschall<br \/>\n\u2022 29.-32. Schwangerschaftswoche: Wachstum des Kindes,\u00a0 Kontrolle von Plazenta und Fruchtwasser<\/p>\n<p>&nbsp;<\/p>\n<p><strong>Schwangerschaftsplanung:<\/strong><\/p>\n<p>Jedes Jahr sind etwa 40.000 Schwangere in Deutschland nicht vor Windpocken gesch\u00fctzt. Nur die H\u00e4lfte aller Schwangeren ist gegen Hepatitis B geimpft, etwa 80 % aller Schwangeren haben keinen ausreichenden Schutz gegen Keuchhusten und Masern, und etwa jede zehnte Schwangere wurde in ihrer Kindheit nur einmal &#8211; statt wie vorgeschrieben zweimal &#8211; gegen R\u00f6teln geimpft.<br \/>\nInfektionen wie R\u00f6teln oder Windpocken k\u00f6nnen das ungeborene Kind bereits in der Geb\u00e4rmutter schwer sch\u00e4digen;<br \/>\nHepatitis B, in der Neugeborenenperiode erworben, kann zu lebenslangen, schweren Lebererkrankungen und sogar zu Leberkrebs f\u00fchren; eine Infektion mit Keuchhusten oder Masern kann genau wie eine Grippe (Influenza) zu vorzeitigen Wehen und zu Fr\u00fchgeburten f\u00fchren.<br \/>\nDeshalb sollten nicht nur die Schwangere und ihr Partner selbst, sondern auch die Angeh\u00f6rigen des n\u00e4heren Umfelds<br \/>\nwie Gro\u00dfeltern und Geschwister des Paares ihren Impfschutz auffrischen, wenn Nachwuchs geplant ist.<\/p>\n<p>Wenn Impfl\u00fccken bestehen, werden die Kosten f\u00fcr Impfungen von den Krankenkassen \u00fcbernommen.<\/p>\n<p>Gyn\u00e4kolog*innen d\u00fcrfen auch Ihre Partner impfen!<\/p>\n","protected":false},"excerpt":{"rendered":"<p>Bei einer normal verlaufenden Schwangerschaft werden entsprechend der Mutterschaftsrichtlinien folgende Untersuchungen angeboten und von den gesetzlichen Krankenkassen \u00fcbernommen: Regelm\u00e4\u00dfige Vorsorgeuntersuchungen bei einer Frauen\u00e4rztin und\/oder einer Hebamme.<\/p>\n","protected":false},"author":1,"featured_media":0,"parent":7,"menu_order":10,"comment_status":"open","ping_status":"closed","template":"page_no_image.php","meta":{"footnotes":""},"_links":{"self":[{"href":"https:\/\/xn--frauenrztinnen-kpenick-54b65b.de\/new\/wp-json\/wp\/v2\/pages\/11"}],"collection":[{"href":"https:\/\/xn--frauenrztinnen-kpenick-54b65b.de\/new\/wp-json\/wp\/v2\/pages"}],"about":[{"href":"https:\/\/xn--frauenrztinnen-kpenick-54b65b.de\/new\/wp-json\/wp\/v2\/types\/page"}],"author":[{"embeddable":true,"href":"https:\/\/xn--frauenrztinnen-kpenick-54b65b.de\/new\/wp-json\/wp\/v2\/users\/1"}],"replies":[{"embeddable":true,"href":"https:\/\/xn--frauenrztinnen-kpenick-54b65b.de\/new\/wp-json\/wp\/v2\/comments?post=11"}],"version-history":[{"count":22,"href":"https:\/\/xn--frauenrztinnen-kpenick-54b65b.de\/new\/wp-json\/wp\/v2\/pages\/11\/revisions"}],"predecessor-version":[{"id":980,"href":"https:\/\/xn--frauenrztinnen-kpenick-54b65b.de\/new\/wp-json\/wp\/v2\/pages\/11\/revisions\/980"}],"up":[{"embeddable":true,"href":"https:\/\/xn--frauenrztinnen-kpenick-54b65b.de\/new\/wp-json\/wp\/v2\/pages\/7"}],"wp:attachment":[{"href":"https:\/\/xn--frauenrztinnen-kpenick-54b65b.de\/new\/wp-json\/wp\/v2\/media?parent=11"}],"curies":[{"name":"wp","href":"https:\/\/api.w.org\/{rel}","templated":true}]}}