{"id":121,"date":"2015-07-20T15:10:52","date_gmt":"2015-07-20T13:10:52","guid":{"rendered":"http:\/\/xn--frauenrztinnen-kpenick-54b65b.de\/new\/?page_id=121"},"modified":"2021-02-25T16:13:05","modified_gmt":"2021-02-25T15:13:05","slug":"tumornachsorge","status":"publish","type":"page","link":"https:\/\/xn--frauenrztinnen-kpenick-54b65b.de\/new\/gynaekologie\/tumornachsorge\/","title":{"rendered":"Tumornachsorge"},"content":{"rendered":"<p>Bei Krebserkrankungen der Brust oder des Unterleibs stehen wir Ihnen als kompetente Begleiterinnen f\u00fcr die<br \/>\nregelm\u00e4\u00dfige Nachsorge zur Verf\u00fcgung.<!--more--><\/p>\n<p>Wir verwenden viele Methoden der Komplement\u00e4rmedizin bei b\u00f6sartigen Erkrankungen, die zu Ihrer<br \/>\nGenesung beitragen k\u00f6nnen.<\/p>\n<p>Scheidentrockenheit und leichte Formen der Harninkontinenz k\u00f6nnen mit unserem fraktionierten CO2-Laser ( &#8230;.. ) hormonfrei und nahezu schmerzfrei behandelt werden. (VERLINKUNG -> Lasertherapie)<br \/>\nSchon nach einer Sitzung gehen Symptome wie Trockenheit und Schmerzen sp\u00fcrbar zur\u00fcck.<!--more--><\/p>\n<p>Mit dem Laser k\u00f6nnen \u00d6strogenmangelerscheinungen\u00a0 ohne Hormongabe sicher behandelt werden.<br \/>\nDer Laser ist somit eine Alternative f\u00fcr alle Patientinnen, die keine Hormone anwenden wollen oder d\u00fcrfen.<\/p>\n<p>&nbsp;<\/p>\n<p>&nbsp;<\/p>\n<div class=\"entry-content\">\n<div style=\"width:100%;height:0px;position:relative;padding-bottom:56.250%;\"><iframe loading=\"lazy\" src=\"https:\/\/streamable.com\/e\/p2jw4u?loop=0\" frameborder=\"0\" width=\"100%\" height=\"100%\" allowfullscreen style=\"width:100%;height:100%;position:absolute;left:0px;top:0px;overflow:hidden;\"><\/iframe><\/div>\n<p>&nbsp;<\/p>\n","protected":false},"excerpt":{"rendered":"<p>Bei Krebserkrankungen der Brust oder des Unterleibs stehen wir Ihnen als kompetente Begleiterinnen f\u00fcr die regelm\u00e4\u00dfige Nachsorge zur Verf\u00fcgung.<\/p>\n","protected":false},"author":2,"featured_media":0,"parent":5,"menu_order":85,"comment_status":"open","ping_status":"open","template":"page_no_image.php","meta":{"footnotes":""},"_links":{"self":[{"href":"https:\/\/xn--frauenrztinnen-kpenick-54b65b.de\/new\/wp-json\/wp\/v2\/pages\/121"}],"collection":[{"href":"https:\/\/xn--frauenrztinnen-kpenick-54b65b.de\/new\/wp-json\/wp\/v2\/pages"}],"about":[{"href":"https:\/\/xn--frauenrztinnen-kpenick-54b65b.de\/new\/wp-json\/wp\/v2\/types\/page"}],"author":[{"embeddable":true,"href":"https:\/\/xn--frauenrztinnen-kpenick-54b65b.de\/new\/wp-json\/wp\/v2\/users\/2"}],"replies":[{"embeddable":true,"href":"https:\/\/xn--frauenrztinnen-kpenick-54b65b.de\/new\/wp-json\/wp\/v2\/comments?post=121"}],"version-history":[{"count":14,"href":"https:\/\/xn--frauenrztinnen-kpenick-54b65b.de\/new\/wp-json\/wp\/v2\/pages\/121\/revisions"}],"predecessor-version":[{"id":1192,"href":"https:\/\/xn--frauenrztinnen-kpenick-54b65b.de\/new\/wp-json\/wp\/v2\/pages\/121\/revisions\/1192"}],"up":[{"embeddable":true,"href":"https:\/\/xn--frauenrztinnen-kpenick-54b65b.de\/new\/wp-json\/wp\/v2\/pages\/5"}],"wp:attachment":[{"href":"https:\/\/xn--frauenrztinnen-kpenick-54b65b.de\/new\/wp-json\/wp\/v2\/media?parent=121"}],"curies":[{"name":"wp","href":"https:\/\/api.w.org\/{rel}","templated":true}]}}