{"id":244,"date":"2015-07-21T09:13:36","date_gmt":"2015-07-21T07:13:36","guid":{"rendered":"http:\/\/xn--frauenrztinnen-kpenick-54b65b.de\/new\/?page_id=244"},"modified":"2015-07-21T09:15:31","modified_gmt":"2015-07-21T07:15:31","slug":"homoeopathie","status":"publish","type":"page","link":"https:\/\/xn--frauenrztinnen-kpenick-54b65b.de\/new\/naturheilverfahren\/homoeopathie\/","title":{"rendered":"Hom\u00f6opathie"},"content":{"rendered":"<p>In der Hom\u00f6opathie, einer alternativmedizinische Behandlungsmethode, wird \u00c4hnliches durch \u00c4hnliches geheilt, entsprechend der Lehre von Samuel Hahnemann. Wir wenden Hom\u00f6opathie neben schulmedizinischen Methoden an.<\/p>\n","protected":false},"excerpt":{"rendered":"<p>In der Hom\u00f6opathie, einer alternativmedizinische Behandlungsmethode, wird \u00c4hnliches durch \u00c4hnliches geheilt, entsprechend der Lehre von Samuel Hahnemann. Wir wenden Hom\u00f6opathie neben schulmedizinischen Methoden an.<\/p>\n","protected":false},"author":2,"featured_media":0,"parent":13,"menu_order":50,"comment_status":"open","ping_status":"open","template":"page_no_image.php","meta":{"footnotes":""},"_links":{"self":[{"href":"https:\/\/xn--frauenrztinnen-kpenick-54b65b.de\/new\/wp-json\/wp\/v2\/pages\/244"}],"collection":[{"href":"https:\/\/xn--frauenrztinnen-kpenick-54b65b.de\/new\/wp-json\/wp\/v2\/pages"}],"about":[{"href":"https:\/\/xn--frauenrztinnen-kpenick-54b65b.de\/new\/wp-json\/wp\/v2\/types\/page"}],"author":[{"embeddable":true,"href":"https:\/\/xn--frauenrztinnen-kpenick-54b65b.de\/new\/wp-json\/wp\/v2\/users\/2"}],"replies":[{"embeddable":true,"href":"https:\/\/xn--frauenrztinnen-kpenick-54b65b.de\/new\/wp-json\/wp\/v2\/comments?post=244"}],"version-history":[{"count":1,"href":"https:\/\/xn--frauenrztinnen-kpenick-54b65b.de\/new\/wp-json\/wp\/v2\/pages\/244\/revisions"}],"predecessor-version":[{"id":245,"href":"https:\/\/xn--frauenrztinnen-kpenick-54b65b.de\/new\/wp-json\/wp\/v2\/pages\/244\/revisions\/245"}],"up":[{"embeddable":true,"href":"https:\/\/xn--frauenrztinnen-kpenick-54b65b.de\/new\/wp-json\/wp\/v2\/pages\/13"}],"wp:attachment":[{"href":"https:\/\/xn--frauenrztinnen-kpenick-54b65b.de\/new\/wp-json\/wp\/v2\/media?parent=244"}],"curies":[{"name":"wp","href":"https:\/\/api.w.org\/{rel}","templated":true}]}}