{"id":248,"date":"2015-07-21T09:16:04","date_gmt":"2015-07-21T07:16:04","guid":{"rendered":"http:\/\/xn--frauenrztinnen-kpenick-54b65b.de\/new\/?page_id=248"},"modified":"2015-07-21T09:16:40","modified_gmt":"2015-07-21T07:16:40","slug":"phytotherapie","status":"publish","type":"page","link":"https:\/\/xn--frauenrztinnen-kpenick-54b65b.de\/new\/naturheilverfahren\/phytotherapie\/","title":{"rendered":"Phytotherapie"},"content":{"rendered":"<p>Die Verwendung von Pflanzen zur Linderung von Beschwerden geh\u00f6rt zu den \u00e4ltesten medizinischen Therapien<br \/>\n\u00fcberhaupt.<br \/>\nWir bieten pflanzenheilkundliche Therapien allein oder in Kombination\/Erg\u00e4nzung zur Schulmedizin an.<\/p>\n","protected":false},"excerpt":{"rendered":"<p>Die Verwendung von Pflanzen zur Linderung von Beschwerden geh\u00f6rt zu den \u00e4ltesten medizinischen Therapien \u00fcberhaupt. Wir bieten pflanzenheilkundliche Therapien allein oder in Kombination\/Erg\u00e4nzung zur Schulmedizin an.<\/p>\n","protected":false},"author":2,"featured_media":0,"parent":13,"menu_order":40,"comment_status":"open","ping_status":"open","template":"page_no_image.php","meta":{"footnotes":""},"_links":{"self":[{"href":"https:\/\/xn--frauenrztinnen-kpenick-54b65b.de\/new\/wp-json\/wp\/v2\/pages\/248"}],"collection":[{"href":"https:\/\/xn--frauenrztinnen-kpenick-54b65b.de\/new\/wp-json\/wp\/v2\/pages"}],"about":[{"href":"https:\/\/xn--frauenrztinnen-kpenick-54b65b.de\/new\/wp-json\/wp\/v2\/types\/page"}],"author":[{"embeddable":true,"href":"https:\/\/xn--frauenrztinnen-kpenick-54b65b.de\/new\/wp-json\/wp\/v2\/users\/2"}],"replies":[{"embeddable":true,"href":"https:\/\/xn--frauenrztinnen-kpenick-54b65b.de\/new\/wp-json\/wp\/v2\/comments?post=248"}],"version-history":[{"count":2,"href":"https:\/\/xn--frauenrztinnen-kpenick-54b65b.de\/new\/wp-json\/wp\/v2\/pages\/248\/revisions"}],"predecessor-version":[{"id":250,"href":"https:\/\/xn--frauenrztinnen-kpenick-54b65b.de\/new\/wp-json\/wp\/v2\/pages\/248\/revisions\/250"}],"up":[{"embeddable":true,"href":"https:\/\/xn--frauenrztinnen-kpenick-54b65b.de\/new\/wp-json\/wp\/v2\/pages\/13"}],"wp:attachment":[{"href":"https:\/\/xn--frauenrztinnen-kpenick-54b65b.de\/new\/wp-json\/wp\/v2\/media?parent=248"}],"curies":[{"name":"wp","href":"https:\/\/api.w.org\/{rel}","templated":true}]}}