{"id":35,"date":"2015-07-02T13:07:27","date_gmt":"2015-07-02T11:07:27","guid":{"rendered":"http:\/\/xn--frauenrztinnen-kpenick-54b65b.de\/new\/?page_id=35"},"modified":"2015-10-05T16:05:44","modified_gmt":"2015-10-05T14:05:44","slug":"ebene-2","status":"publish","type":"page","link":"https:\/\/xn--frauenrztinnen-kpenick-54b65b.de\/new\/gynaekologie\/ebene-2\/","title":{"rendered":"M\u00e4dchensprechstunde"},"content":{"rendered":"<p>Viele Fragen stellen sich beim \u00dcbergang vom M\u00e4dchen zur Frau.<br \/>\nIn unserer M\u00e4dchensprechstunde kannst Du alleine oder am besten zusammen mit Freundinnen kommen.<br \/>\nWir versuchen alle deine Fragen zu beantworten. <!--more--><\/p>\n<p>Zum Beispiel:<br \/>\nWas ist die beste Verh\u00fctungsmethode f\u00fcr mich?<\/p>\n<p>Meine Periode kommt unregelm\u00e4\u00dfig \u2013 ist das normal?<\/p>\n<p>Was kann ich gegen meine Pickel machen?<\/p>\n<p>Muss man beim ersten Frauenarztbesuch auf den gyn\u00e4kologischen Stuhl?<\/p>\n","protected":false},"excerpt":{"rendered":"<p>Viele Fragen stellen sich beim \u00dcbergang vom M\u00e4dchen zur Frau. In unserer M\u00e4dchensprechstunde kannst Du alleine oder am besten zusammen mit Freundinnen kommen. Wir versuchen alle deine Fragen zu beantworten.<\/p>\n","protected":false},"author":1,"featured_media":0,"parent":5,"menu_order":0,"comment_status":"open","ping_status":"open","template":"page_no_image.php","meta":{"footnotes":""},"_links":{"self":[{"href":"https:\/\/xn--frauenrztinnen-kpenick-54b65b.de\/new\/wp-json\/wp\/v2\/pages\/35"}],"collection":[{"href":"https:\/\/xn--frauenrztinnen-kpenick-54b65b.de\/new\/wp-json\/wp\/v2\/pages"}],"about":[{"href":"https:\/\/xn--frauenrztinnen-kpenick-54b65b.de\/new\/wp-json\/wp\/v2\/types\/page"}],"author":[{"embeddable":true,"href":"https:\/\/xn--frauenrztinnen-kpenick-54b65b.de\/new\/wp-json\/wp\/v2\/users\/1"}],"replies":[{"embeddable":true,"href":"https:\/\/xn--frauenrztinnen-kpenick-54b65b.de\/new\/wp-json\/wp\/v2\/comments?post=35"}],"version-history":[{"count":13,"href":"https:\/\/xn--frauenrztinnen-kpenick-54b65b.de\/new\/wp-json\/wp\/v2\/pages\/35\/revisions"}],"predecessor-version":[{"id":418,"href":"https:\/\/xn--frauenrztinnen-kpenick-54b65b.de\/new\/wp-json\/wp\/v2\/pages\/35\/revisions\/418"}],"up":[{"embeddable":true,"href":"https:\/\/xn--frauenrztinnen-kpenick-54b65b.de\/new\/wp-json\/wp\/v2\/pages\/5"}],"wp:attachment":[{"href":"https:\/\/xn--frauenrztinnen-kpenick-54b65b.de\/new\/wp-json\/wp\/v2\/media?parent=35"}],"curies":[{"name":"wp","href":"https:\/\/api.w.org\/{rel}","templated":true}]}}