{"id":69,"date":"2015-07-10T12:36:44","date_gmt":"2015-07-10T10:36:44","guid":{"rendered":"http:\/\/xn--frauenrztinnen-kpenick-54b65b.de\/new\/?page_id=69"},"modified":"2022-09-08T16:48:11","modified_gmt":"2022-09-08T14:48:11","slug":"vorsorgeuntersuchungen","status":"publish","type":"page","link":"https:\/\/xn--frauenrztinnen-kpenick-54b65b.de\/new\/gynaekologie\/vorsorgeuntersuchungen\/","title":{"rendered":"Vorsorge"},"content":{"rendered":"<p><strong>Einmal j\u00e4hrlich <\/strong>sollte sich jede Frau zu einer gyn\u00e4kologischen Untersuchung vorstellen. Nach den Richtlinien der gesetzlichen Krankenkassen werden folgende Untersuchungen angeboten:<!--more--><\/p>\n<ul>\n<li><strong>J\u00e4hrliche Genitaluntersuchung f\u00fcr Frauen<\/strong>Die klinische Untersuchung umfasst:\n<ul>\n<li>gezielte Anamnese (Fragen nach Ver\u00e4nderungen und Beschwerden)<\/li>\n<li>Untersuchung: \u00e4u\u00dferes Genitale, Vagina und Muttermund<\/li>\n<li>Krebsabstrich\/zytologische Untersuchung (PAP-Abstrich) je nach Alter (siehe unten)<\/li>\n<li>gyn\u00e4kologische Tastuntersuchung<\/li>\n<li>Befundmitteilung mit anschlie\u00dfender Beratung bei Auff\u00e4lligkeiten<\/li>\n<\/ul>\n<p>Gesetzlich versicherte Frauen im Alter von 20 bis 65 Jahren werden alle 5 Jahre von ihren Krankenkassen <strong>angeschrieben<\/strong> und \u00fcber die <a href=\"https:\/\/www.g-ba.de\/institution\/presse\/pressemitteilungen\/774\/\">Geb\u00e4rmutterhalskrebsfr\u00fcherkennung <\/a>informiert.<\/p>\n<ul>\n<li>Frauen <strong>bis 34 Jahre<\/strong> k\u00f6nnen, wie bisher, <strong>einmal j\u00e4hrlich<\/strong> eine gyn\u00e4kologische Untersuchung mit PAP-Abstrich in Anspruch nehmen. F\u00fcr diese Altersgruppe \u00e4ndert sich nichts.<\/li>\n<li>Frauen <strong>ab dem 35 Lebensjahr<\/strong> (<strong>ohne Altersbegrenzung<\/strong>) wird k\u00fcnftig statt des j\u00e4hrlichen PAP-Abstrichs <strong>alle 3 Jahre<\/strong> eine Kombinationsuntersuchung, bestehend aus <strong>einem Test auf humane Papillomaviren<\/strong> <strong>(HPV) und<\/strong> <strong>einem PAP-Abstrich<\/strong>, angeboten. H\u00e4ufigere Abstriche (PAP\/HPV) werden nicht mehr von den Krankenkassen bezahlt.<\/li>\n<li>Frauen vor dem 20. Lebensjahr oder nach <strong>Entfernung der kompletten Geb\u00e4rmutter<\/strong> haben nur noch einen Anspruch auf <strong>eine j\u00e4hrliche gyn\u00e4kologische Untersuchung ohne PAP-Abstrich<\/strong>, es sei denn es liegen krankhafte Ver\u00e4nderungen vor.<\/li>\n<li><strong>Alle Frauen -unabh\u00e4ngig vom Alter- haben neben den genannten Tests weiterhin Anspruch auf<\/strong> <strong>eine j\u00e4hrliche gyn\u00e4kologische Untersuchung<\/strong>.<\/li>\n<li>W\u00fcnschen Sie au\u00dferhalb des vorgeschriebenen Zeitraums einen PAP-Abstrich, muss dieser als <strong>Selbstzahlerleistung<\/strong> berechnet werden.<\/li>\n<\/ul>\n<\/li>\n<\/ul>\n<p><strong>Je nach Alter geh\u00f6ren folgende Untersuchungen zur Vorsorge:<\/strong><\/p>\n<ul>\n<li>bis zum 25. Lebensjahr: Chlamydien-Test (1x j\u00e4hrlich)<\/li>\n<li>ab dem 30. Lebensjahr: Abtasten der Brust (1x j\u00e4hrlich)<\/li>\n<li>ab 35 Jahren: Untersuchung auf Hautkrebs (alle 2 Jahre einen Termin bei der Haut\u00e4rztin vereinbaren)<\/li>\n<li>ab 50 Jahren:\u00a0 Stuhluntersuchung ( 1x j\u00e4hrlich vom 50. bis 55. Lebensjahr).<\/li>\n<li>ab 55 Jahren: Stuhluntersuchung alle 2 Jahre oder 2 Darmspiegelungen im Abstand von 10 Jahren<\/li>\n<li>50. &#8211; 69. Lebensjahr Mammographiescreening (alle 2 Jahre erfolgt die Einladung \u00fcber die Screening-Zentren)<\/li>\n<\/ul>\n<p><strong>Mammographie-Screening:<\/strong><br \/>\nModerne R\u00f6ntgenger\u00e4te helfen kleinste, noch nicht tastbare Knoten aufzusp\u00fcren. Zwischen dem 50. und<br \/>\n69. Lebensjahr werden Sie zu einer routinem\u00e4\u00dfigen Untersuchung durch die regionalen Mammographie-Screening-Zentren eingeladen.<br \/>\nN\u00e4here Informationen, die Ihnen helfen eine informierte Entscheidung zu\u00a0 treffen, finden Sie unter:<br \/>\n<a href=\"http:\/\/www.referenzzentrum-berlin.de\">www.referenzzentrum-berlin.de<\/a><\/p>\n<p><strong>Impfungen:<\/strong><\/p>\n<p>Wir bieten Ihnen alle Impfungen gem\u00e4\u00df den Empfehlungen der<br \/>\n<strong>\u201eSt\u00e4ndigen deutschen Impfkommission\u201c<\/strong> (STIKO) an.<br \/>\nBringen Sie Ihren Impfpass mit, wir besprechen mit Ihnen, welche Impfungen in Ihrer Situation<br \/>\nnotwendig \/ sinnvoll sind und entscheiden gemeinsam welche Impfungen erfolgen sollen.<br \/>\nDie Impfung gegen HP-Viren (Schutz vor Geb\u00e4rmutterhalskrebs) wird f\u00fcr M\u00e4dchen \/ junge Frauen ab dem<br \/>\n9. bis zum 17. Lebensjahr von der Krankenkasse bezahlt.<\/p>\n<p><strong>Impfungen der Partner <\/strong><br \/>\nGyn\u00e4kolog*innen d\u00fcrfen auch M\u00e4nner impfen.<\/p>\n","protected":false},"excerpt":{"rendered":"<p>Einmal j\u00e4hrlich sollte sich jede Frau zu einer gyn\u00e4kologischen Untersuchung vorstellen. Nach den Richtlinien der gesetzlichen Krankenkassen werden folgende Untersuchungen angeboten:<\/p>\n","protected":false},"author":2,"featured_media":0,"parent":5,"menu_order":22,"comment_status":"open","ping_status":"open","template":"page_no_image.php","meta":{"footnotes":""},"_links":{"self":[{"href":"https:\/\/xn--frauenrztinnen-kpenick-54b65b.de\/new\/wp-json\/wp\/v2\/pages\/69"}],"collection":[{"href":"https:\/\/xn--frauenrztinnen-kpenick-54b65b.de\/new\/wp-json\/wp\/v2\/pages"}],"about":[{"href":"https:\/\/xn--frauenrztinnen-kpenick-54b65b.de\/new\/wp-json\/wp\/v2\/types\/page"}],"author":[{"embeddable":true,"href":"https:\/\/xn--frauenrztinnen-kpenick-54b65b.de\/new\/wp-json\/wp\/v2\/users\/2"}],"replies":[{"embeddable":true,"href":"https:\/\/xn--frauenrztinnen-kpenick-54b65b.de\/new\/wp-json\/wp\/v2\/comments?post=69"}],"version-history":[{"count":41,"href":"https:\/\/xn--frauenrztinnen-kpenick-54b65b.de\/new\/wp-json\/wp\/v2\/pages\/69\/revisions"}],"predecessor-version":[{"id":1409,"href":"https:\/\/xn--frauenrztinnen-kpenick-54b65b.de\/new\/wp-json\/wp\/v2\/pages\/69\/revisions\/1409"}],"up":[{"embeddable":true,"href":"https:\/\/xn--frauenrztinnen-kpenick-54b65b.de\/new\/wp-json\/wp\/v2\/pages\/5"}],"wp:attachment":[{"href":"https:\/\/xn--frauenrztinnen-kpenick-54b65b.de\/new\/wp-json\/wp\/v2\/media?parent=69"}],"curies":[{"name":"wp","href":"https:\/\/api.w.org\/{rel}","templated":true}]}}