{"id":87,"date":"2015-07-10T21:36:23","date_gmt":"2015-07-10T19:36:23","guid":{"rendered":"http:\/\/xn--frauenrztinnen-kpenick-54b65b.de\/new\/?page_id=87"},"modified":"2025-08-19T13:44:13","modified_gmt":"2025-08-19T11:44:13","slug":"wechseljahre-hormonstatus-wie-lange-muss-ich-verhueten","status":"publish","type":"page","link":"https:\/\/xn--frauenrztinnen-kpenick-54b65b.de\/new\/gynaekologie\/wechseljahre-hormonstatus-wie-lange-muss-ich-verhueten\/","title":{"rendered":"Wechseljahre"},"content":{"rendered":"<p><strong>Die gute Nachricht zuerst:<\/strong> Wenige Frauen haben wirklich schwerwiegende Wechseljahrsprobleme, aber alle merken, dass sich etwas ver\u00e4ndert: der K\u00f6rperbau, die Haut, die Haare, die Menstruation wird seltener.<br \/>\nWir verabschieden uns von einer Phase in unserem Leben und Abschiede sind bekanntlich nicht leicht.<\/p>\n<p>Wenn Sie mehr \u00fcber Ihre hormonelle Situation wissen m\u00f6chten, bieten wir in der <strong>Hormonsprechstunde<\/strong> eine Analyse Ihres derzeitigen Status.<br \/>\nEine detaillierte Hormonbestimmung mit sonographischer Beurteilung von Geb\u00e4rmutter und Eierst\u00f6cken erm\u00f6glicht uns eine individuelle Beratung ganz nach Ihren Bed\u00fcrfnissen.<br \/>\nDie Kosten f\u00fcr die umfangreiche Beratung und Untersuchungen werden nicht von den Krankenkassen \u00fcbernommen.<\/p>\n<div class=\"entry-content\">\n<div style=\"width: 100%; height: 0px; position: relative; padding-bottom: 56.250%;\"><iframe loading=\"lazy\" style=\"width: 100%; height: 100%; position: absolute; left: 0px; top: 0px; overflow: hidden;\" src=\"https:\/\/streamable.com\/e\/p2jw4u?loop=0\" width=\"100%\" height=\"100%\" frameborder=\"0\" allowfullscreen=\"allowfullscreen\"><\/iframe><\/div>\n<p>&nbsp;<\/p>\n<p>Die vaginale Laserbehandlung in Berlin-K\u00f6penick findet Einsatz bei:<br \/>\n&#8211; Scheidentrockenheit (vulvo-vaginale Atrophie)<br \/>\n&#8211; Schmerzen und Missempfindungen am Scheideneingang (Vulvodynie)<br \/>\n&#8211; \u00e4u\u00dfere Schmerzen beim Geschlechtsverkehr (Dyspareunie)<br \/>\n&#8211; leichte Formen der Harninkontinenz<br \/>\nk\u00f6nnen in den Wechseljahren schonend und effektiv mit unserem fraktionierten CO2-Laser (FemiLift von Alma Lasers) behandelt werden.<\/p>\n<\/div>\n","protected":false},"excerpt":{"rendered":"<p>Die gute Nachricht zuerst: Wenige Frauen haben wirklich schwerwiegende Wechseljahrsprobleme, aber alle merken, dass sich etwas ver\u00e4ndert: der K\u00f6rperbau, die Haut, die Haare, die Menstruation wird seltener. Wir verabschieden uns von einer Phase in unserem Leben und Abschiede sind bekanntlich nicht leicht. Wenn Sie mehr \u00fcber Ihre hormonelle Situation wissen m\u00f6chten, bieten wir in der [&hellip;]<\/p>\n","protected":false},"author":2,"featured_media":0,"parent":5,"menu_order":77,"comment_status":"open","ping_status":"open","template":"page_no_image.php","meta":{"footnotes":""},"_links":{"self":[{"href":"https:\/\/xn--frauenrztinnen-kpenick-54b65b.de\/new\/wp-json\/wp\/v2\/pages\/87"}],"collection":[{"href":"https:\/\/xn--frauenrztinnen-kpenick-54b65b.de\/new\/wp-json\/wp\/v2\/pages"}],"about":[{"href":"https:\/\/xn--frauenrztinnen-kpenick-54b65b.de\/new\/wp-json\/wp\/v2\/types\/page"}],"author":[{"embeddable":true,"href":"https:\/\/xn--frauenrztinnen-kpenick-54b65b.de\/new\/wp-json\/wp\/v2\/users\/2"}],"replies":[{"embeddable":true,"href":"https:\/\/xn--frauenrztinnen-kpenick-54b65b.de\/new\/wp-json\/wp\/v2\/comments?post=87"}],"version-history":[{"count":15,"href":"https:\/\/xn--frauenrztinnen-kpenick-54b65b.de\/new\/wp-json\/wp\/v2\/pages\/87\/revisions"}],"predecessor-version":[{"id":1713,"href":"https:\/\/xn--frauenrztinnen-kpenick-54b65b.de\/new\/wp-json\/wp\/v2\/pages\/87\/revisions\/1713"}],"up":[{"embeddable":true,"href":"https:\/\/xn--frauenrztinnen-kpenick-54b65b.de\/new\/wp-json\/wp\/v2\/pages\/5"}],"wp:attachment":[{"href":"https:\/\/xn--frauenrztinnen-kpenick-54b65b.de\/new\/wp-json\/wp\/v2\/media?parent=87"}],"curies":[{"name":"wp","href":"https:\/\/api.w.org\/{rel}","templated":true}]}}